NOAA Reports/Αναφορές NOAA

Select a Year or Month report
2023 > Jan Feb Mar Apr May Jun Jul Aug Sep Oct Nov Dec
2022 > Jan Feb Mar Apr May Jun Jul Aug Sep Oct Nov Dec
2021 > Jan Feb Mar Apr May Jun Jul Aug Sep Oct Nov Dec
2020 > Jan Feb Mar Apr May Jun Jul Aug Sep Oct Nov Dec
2019 > Jan Feb Mar Apr May Jun Jul Aug Sep Oct Nov Dec
2018 > Jan Feb Mar Apr May Jun Jul Aug Sep Oct Nov Dec
2017 > Jan Feb Mar Apr May Jun Jul Aug Sep Oct Nov Dec
2016 > Jan Feb Mar Apr May Jun Jul Aug Sep Oct Nov Dec
2015 > Jan Feb Mar Apr May Jun Jul Aug Sep Oct Nov Dec

Report for 2023 01
                   MONTHLY CLIMATOLOGICAL SUMMARY for JAN. 2023

NAME: Timbaki Weather Station   CITY: Timbakion   STATE: Greece 
ELEV:    16 m  LAT:  35 06' 00" N  LONG:  24 42' 00" E

                   TEMPERATURE (C), RAIN  (mm), WIND SPEED (km/hr)

                                      HEAT  COOL        AVG
    MEAN                              DEG   DEG         WIND                 DOM
DAY TEMP  HIGH   TIME   LOW    TIME   DAYS  DAYS  RAIN  SPEED HIGH   TIME    DIR
------------------------------------------------------------------------------------
 1  12.1  18.4   14:50   7.4    6:05   6.2   0.0   0.0   0.0   0.0     ---   ---
 2  12.7  18.7   14:45   7.7    4:55   5.7   0.0   0.0   0.0   0.0     ---   ---
 3  11.4  18.1   12:25   6.9    6:45   6.8   0.0   0.0   0.0   0.0     ---   ---
 4  11.1  18.0   12:40   5.1    7:15   7.2   0.0   0.0   0.0   0.0     ---   ---
 5  12.8  17.9   11:25   8.3    7:00   5.5   0.0   0.0   0.0   0.0     ---   ---
 6  12.8  19.0   12:00   7.8    4:55   5.5   0.0   0.0   0.0   0.0     ---   ---
 7  12.8  19.3   12:40   7.1    7:20   5.5   0.0   0.0   0.0   0.0     ---   ---
 8  11.9  17.9   15:10   6.6    5:40   6.4   0.0   0.0   0.0   0.0     ---   ---
 9  11.9  17.7   11:40   7.3    7:15   6.3   0.0   0.0   0.0   0.0     ---   ---
10  14.1  18.0   13:10   9.5    0:05   4.2   0.0  23.4   2.1  41.8   12:25   SSW
11  11.5  16.3    0:05   8.1   00:00   6.8   0.0  12.2   0.0   0.0     ---   ---
12  11.0  16.6   12:15   6.4    5:45   7.3   0.0   0.0   0.0   0.0     ---   ---
13  11.1  15.0   13:00   7.6    6:45   7.3   0.0   2.6   0.2  29.0   14:05    NW
14  11.8  17.0   15:25   7.3   00:00   6.5   0.0   0.0   0.0  11.3   12:20    NW
15   9.8  13.3   13:35   5.8    2:50   8.5   0.0   1.8   0.0   1.6   10:10   ENE
16  12.0  17.4   11:45   7.0    2:40   6.3   0.0   0.0   0.0   0.0     ---   ---
17  16.4  18.2   13:10  14.4   22:40   1.8   0.0   0.0   0.0  19.3   10:35    SW
18  16.6  18.5   12:25  13.5   00:00   1.7   0.0   0.0   0.0   6.4    9:55   SSW
19  14.8  18.8   15:25  11.1    6:20   3.5   0.0   0.0   0.0   0.0     ---   ---
20  14.5  17.4    9:05  10.3   23:05   3.8   0.0   0.0   0.0  46.7    9:40     W
21  11.9  16.6   15:45   8.3    5:55   6.4   0.0   2.8   0.0   0.0     ---   ---
22  12.2  18.4   11:10   7.8    5:40   6.1   0.0   0.0   0.0   0.0     ---   ---
23  12.9  18.8   14:20   7.6    2:35   5.4   0.0   0.0   0.0   0.0     ---   ---
24  12.8  18.4   11:00   7.9    6:45   5.5   0.0   0.0   0.0   0.0     ---   ---
25  13.0  19.2   13:10   7.9    7:35   5.3   0.0   0.0   0.0   0.0     ---   ---
26  16.0  19.0   13:05  10.7    2:00   2.4   0.1   0.0   0.2  38.6   12:35   ESE
27  14.2  17.6    0:05   9.9   19:45   4.1   0.0   2.2   0.2  43.5   19:25     W
28  12.7  16.6   13:25   8.2    3:30   5.6   0.0   7.8   0.0  33.8    1:25   WSW
29  11.4  16.2   13:30   7.8   00:00   6.9   0.0   4.6   0.0   9.7   13:55   WSW
30  10.0  15.5   12:15   5.9    7:35   8.3   0.0   1.8   0.0  20.9   14:45   NNW
31  11.7  15.6   13:30   7.4    1:20   4.4   0.0   0.0   0.5  38.6    9:55    NW
-------------------------------------------------------------------------------------
    12.6  19.3     7     5.1     4   173.2   0.2  59.2   0.1  46.7    20      NW

Max >=  32.0:  0
Max <=   0.0:  0
Min <=   0.0:  0
Min <= -18.0:  0
Max Rain: 23.39 ON 10/01/23
Days of Rain: 9 (> .2 mm) 7 (> 2 mm) 1 (> 20 mm)
Heat Base:  18.3  Cool Base:  18.3  Method: Integration